j**2 + 2 + j**2 - 308996*j. What is z(-2)?
-4
Let o(c) = c**2 + c - 6. Let w be 24/3 - (-1 - 1). Suppose 0 = -4*v - v + w. Suppose 3*g = -v*g. Determine o(g).
-6
Let n(z) = 2*z + 2. Let r be (3/1)/((1218/(-112))/29). Determine n(r).
-14
Let q(c) = 2*c - 5. Let p(x) = 3*x**2 - 7*x - 10. Let g be p(-4). Let t be 24/84 - g/(-14). What is q(t)?
5
Let g(t) = 2*t**2 + t + 1. Let o = -240 + 239. Give g(o).
2
Let z(i) be the second derivative of 6*i + 0 + 1/12*i**4 + 5/3*i**3 + 11/2*i**2. What is z(-8)?
-5
Let x be 106/8 - (-9)/12. Suppose -7*m = -x + 7. Let q(z) = -8*z**3 + z**2 - z + 1. What is q(m)?
-7
Let v = -1 + 3. Suppose 408*b = 426*b - 18. Let i(t) = 0 + v*t - 2*t - 2*t + b. Calculate i(3).
-5
Let v(y) be the second derivative of 0 + 4*y + 1/20*y**5 + 1/2*y**3 + 0*y**4 + 3/2*y**2. Suppose 3*h - 4*h + 18 = 4*l, 2*l = 10. Determine v(h).
-11
Let p(y) = -y**3 + 4*y**2 - 3*y + 5. Let i = 26 + -26. Suppose i = -5*x + 1 + 19. What is p(x)?
-7
Let a(b) = -5*b + 34 + 9*b - 38. Let l(d) = -4*d + 3. Let y(z) = -6*a(z) - 5*l(z). Give y(6).
-15
Let o(c) = -6 + 0*c**2 + c**3 - 6*c**2 + 15*c - 12*c. Let f be o(6). Suppose -s - s = -f. Let v(l) = l. Give v(s).
6
Let z(x) = -x**2 + 11*x + 15. Suppose 0 = 45*w - 61*w + 176. What is z(w)?
15
Let h(z) be the first derivative of -z**2/2 - z - 534. Calculate h(3).
-4
Let s(a) = a - 1. Let d(j) = 1. Let t(f) = 2*d(f) - 2*s(f). What is t(3)?
-2
Let a(f) = -2*f**2 - 12*f + 5. Let r(v) = v**2 + 2*v - 1. Let p(l) = a(l) + 3*r(l). Give p(4).
-6
Let h = 19 - 14. Suppose -4*p + 11 = -o, h*o + 5*p - 26 + 6 = 0. Let b(t) = -2 + 3 - 8*t + 0. Calculate b(o).
-7
Let d(z) = -2*z + 115*z**2 - 57*z**2 - 59*z**2 + 10*z - 3. Let b = -6 - -9. Determine d(b).
12
Let h(l) = -11*l + 10. Let o(i) = -9*i + 9. Let n(x) = -4*h(x) + 5*o(x). Calculate n(4).
1
Let h = 38 - 8. Suppose -6*b = -7*b + h. Suppose 8*f - 13*f = b. Let s(i) = i**2 + 7*i. Give s(f).
-6
Let p(u) be the third derivative of u**4/8 - 11*u**3/6 - 17*u**2 + 5. Give p(0).
-11
Let s(k) be the third derivative of 7*k**4/24 + k**3/2 - 30*k**2. Let j(q) = -q - 1. Let o(t) = -5*j(t) - s(t). Give o(-3).
8
Suppose -2*j + 0*j = -4. Suppose 4*b - 3 = a + 11, -11 = -5*b - j*a. Suppose 4*s + 4*t - b = 3*t, -12 = -5*s - 4*t. Let y(g) = g**3 - g**2 + 4. What is y(s)?
4
Let l(k) be the third derivative of -k**5/30 + 7*k**4/24 - 5*k**3/6 - 37*k**2. Give l(4).
-9
Let w(s) = -11*s - 3. Suppose -11*y - 2*y = 26. Calculate w(y).
19
Let c be (-21)/(-4) + -9*4/(-48). Let f(u) be the second derivative of 0 - 5/12*u**4 - 3/2*u**2 + 1/20*u**5 - 2/3*u**3 + 2*u. Give f(c).
9
Let d(a) be the first derivative of -a**3/3 - 3*a**2 + 7*a - 1. Let x be (-6)/(-4)*368/24. Suppose 5*j + 12 + x = 0. Determine d(j).
0
Let o(z) = -6*z**2 - 4. Let i(q) = -5*q**2 - 3. Let l(m) = -5*i(m) + 4*o(m). Let x be -4*(0 + 5/(-10)). Let u be (-4)/12 - (3 - x/6). What is l(u)?
8
Let z(i) = -2*i**3 + i + 1. Let p(x) = -7*x**3 - x**2 + 3*x + 12. Let c(t) = -p(t) + 3*z(t). What is c(0)?
-9
Let k(x) = -303 + 302 - 54*x + 55*x. Let c(l) = -l**2 - 9*l - 9. Let v be c(-6). Give k(v).
8
Let p(u) be the third derivative of u**4/12 - 49*u**2 - u. Let c = 0 + 1. Suppose -d = -k - 2, -5*k - 5 = -4*d + c. What is p(k)?
4
Let r(m) = -m**2 - 4*m - 2. Let i = -10 - -9. Let n be i + -1 - (6 - 8). Suppose n = 4*o - o + 15. Calculate r(o).
-7
Let x(i) = -i**3 - 2*i**2 + 2*i - 2. Let w(g) = -g**2 + 2*g. Let a(r) = -2*w(r) - x(r). Give a(-5).
7
Suppose 0 = 5*f - 2*c + 23, 2*c + 0*c - 20 = 4*f. Let p = 5 + f. Let u(x) = x**p - 1 - 5 - 3*x + 0*x**2. What is u(5)?
4
Let k be (-1)/(-1*2/(-14)). Let z(q) be the first derivative of -q**5/60 - 5*q**4/12 - 17*q**3/3 - 38. Let y(o) be the third derivative of z(o). Give y(k).
4
Let m(i) = 16 - 3*i + 11 - 47 + 16. What is m(8)?
-28
Let k be 5/20 + 98/(-8). Let l be -4*(1 - k/(-8)). Let w(s) = -3*s + 4 + 5*s**2 - s**3 - 3 + 4*s + s**l. Give w(6).
7
Let h(t) = -t**2 - 7*t - 7. Let y(g) = 2*g**3 - 18*g**2 + 19*g - 9. Let x be y(8). Suppose 80*z = 83*z + x. Determine h(z).
3
Let g(n) = 6*n + 4. Let o = -22 + 19. Determine g(o).
-14
Suppose 2*m - 25 = m + 5*j, -3*m + 4*j = -20. Let o(t) = t - 2*t + 2*t. Calculate o(m).
0
Let a(o) be the third derivative of -11/6*o**3 - 2*o**2 - 1/24*o**4 + 0*o + 0. Let r(u) = u + 1. Let t(y) = a(y) + 2*r(y). Give t(4).
-5
Let o(b) = -3*b - 22*b**3 + 9*b**3 + 4*b**2 + 0*b**2 + 12*b**3 + 0*b**3 + 4. Determine o(3).
4
Let r(a) be the second derivative of a**4/12 + 4*a**3/3 - a**2 - a. Let z(v) = -v**3 + 15*v**2 - v + 7. Let j be z(15). Calculate r(j).
-2
Let n(x) = -378845 + 378841 + 6*x**2 - 2*x**3 + 0*x**3 - x + 3*x**3. Suppose 0 = -3*o + 2*o - 6. Calculate n(o).
2
Let f(y) be the first derivative of -y**5/20 + y**3/3 - y**2/2 + y + 9. Let m(a) be the first derivative of f(a). Determine m(-2).
3
Let p(b) = -b**2 - 18*b - 60. Let u be p(-6). Let x(d) = -d + 6. Give x(u).
-6
Let n(s) = 19 + 8*s + 10 - s**2 + 0*s + 17 - 47. What is n(7)?
6
Let o(t) be the third derivative of -t**6/120 + t**4/24 - 2*t**3/3 - t**2. Suppose -10 = -4*j + 6. Suppose 4*d = j*p, 0 = 3*d - 2*p + 4*p. Determine o(d).
-4
Let y be (-4)/(-3)*(-387)/(-86). Let r(g) = g**2 - 8*g + 10. Calculate r(y).
-2
Let v be 25/(-20) + 6/(-8). Let h be (-15)/6*(v + 4). Let w(m) = 35 - m + 43 - 83. Give w(h).
0
Let j(s) = 10*s - 118. Let r be j(12). Let q(d) = 4*d**2 - 1. Give q(r).
15
Let m(q) be the second derivative of q**3/6 - 7*q**2/2 + q - 38. Give m(0).
-7
Suppose 6 = 4*t + 2*t. Let n(z) = -5*z**3 + 6*z**2 - 10*z - 2. Let f(l) = -l**3 - l. Let p(o) = t*n(o) - 4*f(o). Calculate p(5).
-7
Let o be ((2 - 18) + 14)/((-2)/7). Let c(r) = -2*r + 4*r + 9 - 6*r + 2*r. Calculate c(o).
-5
Let d(r) be the third derivative of r**4/8 - r**3/2 - 10*r**2 - 1. Give d(5).
12
Let p(m) = m**2 + 5*m - 5. Let v(t) = t**3 - t**2 - 2*t - 6. Let y = -24 - -24. Let f be v(y). Calculate p(f).
1
Let b(a) = 9*a + 7. Let c(i) = -155*i - 120. Let n(o) = -35*b(o) - 2*c(o). Calculate n(4).
-25
Let s(j) = 4*j**3 - 8*j**2 + 6. Let h(f) = 5*f**3 - 9*f**2 - f + 6. Let w(v) = 5*h(v) - 6*s(v). Give w(-3).
9
Let m(i) = 29*i - 23. Let q(z) = 25*z - 20. Let f(j) = 6*m(j) - 7*q(j). Let b(s) = -5*s**3 + 2*s**2 - 2*s + 1. Let k be b(1). Determine f(k).
6
Suppose -5*a - 3 = 2. Let f(m) = -7*m**3 + m**2. Let c be f(a). Let j be ((-4)/(-6))/(c/36). Let h(n) = n**3 - 4*n**2 + 4*n - 1. Determine h(j).
2
Let b(n) = -7*n**2 - 2*n - 4. Let j(h) = -14*h**2 - 6*h - 9. Let t(o) = -5*b(o) + 2*j(o). What is t(1)?
7
Let u(j) = -5 + 46*j - 98*j + 50*j. Calculate u(-6).
7
Let h(i) be the first derivative of -i**3/3 + i**2/2 + 4*i - 1. Let d(y) = -2*y - 4. Let s be d(-3). Suppose 0 = -s*c + 46 - 40. Determine h(c).
-2
Let j(y) = -6*y + 3. Let n(f) = 7*f - 4. Let i be n(1). Suppose -4*l = 12, 6 = i*x + 2*l + l. What is j(x)?
-27
Let u(h) = h**2 + 10*h - 10. Let y(g) = -6*g**2 - 49*g + 49. Let p(l) = 11*u(l) + 2*y(l). Give p(8).
20
Let o(d) = 4*d - 41 + 93 - 52 - 2*d. Determine o(3).
6
Let i(h) = -h**3 - 4*h**2 + 4. Suppose 3*o + 4*p + 13 = 0, -7 = 5*p - 2. Determine i(o).
-5
Let j(l) = l**3 + 6*l**2 - 2*l - 3. Let r(p) = -3*p**2 + p + 4. Let g = -10 - -12. Let h be r(g). Give j(h).
9
Let y(c) = -c**3 + 7*c**2 + 2*c - 7. Let n(p) = -p**2 + 17*p + 14. Let a be n(15). Let l = a + -37. Give y(l).
7
Let o be (-260)/32 - ((-329)/(-56) + -6). Let c(u) = -u**3 - 8*u**2 + u + 4. What is c(o)?
-4
Suppose o = -2*a - 0*o + 19, -2*a - 5*o = -39. Let n = a + -5. Suppose -10 = n*v - 4. Let t(i) = i**2. What is t(v)?
9
Let x(s) = -240 - 245 + s + 481. Give x(-8).
-12
Let z be (-10)/(-1*(-2)/(-4)). Let l(c) = -c**2 - 3*c - 1. Let o be l(-2). Let y(p) = -21*p**2 - o + z*p**2 - 2 + 4 - p. What is y(2)?
-5
Suppose 66*d = 3*d + 378. Let w(s) = -s**3 + 8*s**2 - 4*s - 5. Determine w(d).
43
Suppose 76*b = 6*b - 1330. Let d(z) = 2*z + 38. Calculate d(b).
0
Let o(a) = a**2 - 4*a - 4. Suppose 0 = 4*w - 0*w - 16. Let q be o(w). Let p be ((-8)/5)/(q/10). Let j(m) = m**3 - 2*m**2 - 6*m + 2. Calculate j(p).
10
Suppose 4*j = x - 17, -2*x + 3*j = -0*x - 14. Let l(w) = w - 4. Let i(o) = -4*o + 24. Let p(s) = i(s) + 6*l(s). Determine p(x).
2
Suppose 2*y = 4*y + 3*r + 10, 0 = y - r + 5. Let x(n) = n**2 + 6*n + 5. Let o be x(y). Let v(u) = -u**3 + u**2 + 4. What is v(o)?
4
Let o(c) = c**2 - 3*c - 7. Suppose 0 = 